Is 1667890 a multiple of 10?
True
Does 361 divide 679640621?
True
Is 8429793 a multiple of 305?
False
Does 3699 divide 82122501?
False
Is 753 a factor of 15941678?
False
Does 1233 divide 66519101?
False
Is 18 a factor of 65644512?
False
Is 153456828 a multiple of 2254?
True
Is 7 a factor of 175146405?
True
Does 2028 divide 14533747?
False
Is 1435 a factor of 42471695?
True
Is 2071 a factor of 174568732?
True
Does 6 divide 108268566?
True
Does 58 divide 540559756?
False
Does 24 divide 62328888?
True
Does 13 divide 59966253?
False
Is 164 a factor of 367887759?
False
Does 899 divide 16680675?
False
Is 34 a factor of 258221466?
True
Does 561 divide 254423037?
True
Does 45 divide 199626991?
False
Is 4994 a factor of 1458443602?
False
Is 151480945 a multiple of 77?
True
Is 2850935417 a multiple of 131?
False
Does 546 divide 134278872?
True
Is 8 a factor of 6037450?
False
Is 238798470 a multiple of 30?
True
Is 20 a factor of 226820?
True
Is 27 a factor of 14568306?
False
Is 775 a factor of 1195201125?
True
Is 16 a factor of 53818528?
True
Does 17 divide 413938914?
False
Is 97 a factor of 15600144?
False
Is 1562500800 a multiple of 240?
True
Is 6 a factor of 1237108800?
True
Is 67766160 a multiple of 399?
True
Is 583 a factor of 33953076?
False
Is 103459236 a multiple of 41?
True
Is 38412775 a multiple of 25?
True
Does 1309 divide 1996185771?
False
Is 18853865 a multiple of 5?
True
Is 526881339 a multiple of 1671?
True
Is 5331368 a multiple of 131?
False
Does 84 divide 3364092?
False
Does 569 divide 229427059?
True
Is 356 a factor of 196638840?
False
Is 4737365 a multiple of 2007?
False
Is 1000 a factor of 370379528?
False
Is 8 a factor of 7899704?
True
Is 58 a factor of 382545728?
True
Does 56 divide 3277313611?
False
Does 11 divide 1830319888?
False
Is 18 a factor of 71961723?
False
Is 92234558 a multiple of 29?
True
Is 141 a factor of 913244719?
False
Does 81 divide 850338128?
False
Is 134 a factor of 7494927?
False
Is 4215843 a multiple of 2?
False
Does 909 divide 113831529?
False
Does 5330 divide 43129877?
False
Is 16 a factor of 706426236?
False
Is 1427 a factor of 108902932?
True
Does 199 divide 7744830454?
True
Is 1063342093 a multiple of 11?
True
Is 1327660971 a multiple of 2067?
True
Does 39 divide 32721312?
True
Is 71 a factor of 59900271?
False
Is 5389 a factor of 1176661772?
False
Does 5 divide 1284272462?
False
Does 221 divide 3017623505?
True
Does 75 divide 181267624?
False
Is 18454069 even?
False
Is 5 a factor of 2297012?
False
Does 3726 divide 495711281?
False
Does 44 divide 58799520?
False
Is 750 a factor of 492885310?
False
Is 4524439 a multiple of 305?
False
Is 1855341900 a multiple of 3105?
False
Is 150188666 a multiple of 15?
False
Is 12 a factor of 3662057622?
False
Does 8 divide 20186848?
True
Is 674015303 a multiple of 132?
False
Does 12 divide 23940144?
True
Is 3902286090 a multiple of 292?
False
Is 395 a factor of 47504996?
False
Is 799527780 a multiple of 12?
True
Is 215 a factor of 1105583965?
True
Does 32 divide 27006408?
False
Is 10673026 a multiple of 710?
False
Does 1524 divide 1203634580?
False
Is 448 a factor of 288550528?
True
Is 223296231 a multiple of 1110?
False
Is 19 a factor of 449247932?
True
Does 1414 divide 817142116?
True
Is 29 a factor of 6037093312?
False
Does 49 divide 418201378?
True
Is 5993576 a multiple of 5?
False
Is 11 a factor of 2911856816?
True
Is 819112392 a multiple of 244?
True
Is 1411982255 a multiple of 2184?
False
Does 87 divide 171627423?
True
Is 4941 a factor of 2464343514?
True
Is 369 a factor of 783898617?
False
Is 28 a factor of 258929552?
True
Does 107 divide 9070711?
True
Is 1822249146 a multiple of 55?
False
Is 130 a factor of 152955140?
True
Is 459 a factor of 67737108?
False
Does 198 divide 42775722?
True
Is 89370683 a multiple of 35?
False
Is 163687047 a multiple of 12?
False
Is 137 a factor of 1210490475?
False
Is 162 a factor of 2040192569?
False
Does 13 divide 33467187?
True
Does 77 divide 11129675?
False
Is 155 a factor of 3710485790?
True
Is 152 a factor of 40700821?
False
Is 431 a factor of 737405658?
True
Is 12468916 a multiple of 18?
False
Is 5108 a factor of 169330200?
True
Is 236 a factor of 104721685?
False
Does 5925 divide 367338150?
True
Is 2863 a factor of 687120?
True
Is 94874034 a multiple of 213?
True
Is 256589554 a multiple of 420?
False
Does 187 divide 51825741?
True
Does 22 divide 392115973?
False
Is 9 a factor of 362546557?
False
Is 54443346 a multiple of 16?
False
Is 2 a factor of 57200896?
True
Is 8045471 a multiple of 17?
True
Does 254 divide 32722977?
False
Does 3265 divide 315542157?
False
Does 107 divide 709769734?
True
Is 14 a factor of 311093580?
True
Does 74 divide 933971834?
True
Does 45 divide 545399578?
False
Does 3695 divide 76752540?
True
Is 581 a factor of 60973045?
True
Is 49 a factor of 21287217?
True
Is 250 a factor of 120417250?
True
Is 134 a factor of 665774000?
False
Does 104 divide 25026155?
False
Does 9220 divide 4471017720?
True
Does 2552 divide 395366248?
False
Is 3246 a factor of 80150232?
True
Is 4030155 a multiple of 166?
False
Does 4941 divide 673181604?
True
Is 13 a factor of 5172570?
True
Is 128 a factor of 72808550?
False
Is 9322045 a multiple of 816?
False
Does 16 divide 1511476922?
False
Is 1128085596 a multiple of 12?
True
Is 283 a factor of 1762457636?
False
Is 5040657 a multiple of 3?
True
Is 1338 a factor of 15779034?
True
Does 7 divide 10966331?
False
Does 991 divide 269279426?
False
Is 97 a factor of 616334152?
False
Is 510544741 a multiple of 1057?
True
Does 807 divide 135877011?
True
Is 3716 a factor of 351114476?
False
Is 32 a factor of 66695103?
False
Is 1021119 a multiple of 128?
False
Is 91273096 a multiple of 410?
False
Is 10 a factor of 1352657630?
True
Is 18 a factor of 32153493?
False
Is 1517023830 a multiple of 23?
False
Is 5789 a factor of 171407616?
False
Is 15437681 a multiple of 438?
False
Does 1223 divide 474944712?
True
Is 1675 a factor of 787429106?
False
Does 347 divide 860432304?
True
Is 65 a factor of 41570780?
False
Is 4208653449 a multiple of 261?
True
Is 166417602 a multiple of 29?
True
Is 16 a factor of 1770829968?
True
Is 42 a factor of 41893115?
False
Is 32 a factor of 550143614?
False
Does 404 divide 74392666?
False
Does 389 divide 7739165?
False
Does 103 divide 1540486692?
False
Is 83042736 a multiple of 409?
False
Is 12 a factor of 140691333?
False
Does 155 divide 35666895?
True
Is 585278960 a multiple of 2920?
True
Is 10 a factor of 29015081?
False
Is 60187914 a multiple of 14?
False
Is 151182798 a multiple of 17?
False
Does 2 divide 339799?
False
Is 51700480 a multiple of 80?
True
Is 2 a factor of 1923760?
True
Does 423 divide 271018556?
False
Does 3297 divide 174450864?
True
Is 169697024 a multiple of 181?
False
Is 174 a factor of 5446857811?
False
Does 1078 divide 73798773?
False
Is 531 a factor of 37027692?
True
Is 27 a factor of 148454117?
False
Is 82085758 a multiple of 851?
True
Does 52 divide 1074726172?
True
Is 15 a factor of 402901756?
False
Is 156 a factor of 347005464?
True
Does 114 divide 367558013?
False
Is 18 a factor of 12329046?
True
Is 74 a factor of 2022612818?
False
Is 5414370894 a multiple of 19?
False
Is 14361435 a multiple of 1881?
True
Does 298 divide 639292248?
True
Does 495 divide 360655020?
True
Is 290604581 a multiple of 115?
False
Is 3860 a factor of 76161660?
True
Is 498 a factor of 176291004?
True
Is 87 a factor of 15882014?
False
Is 33969150 a multiple of 39?
False
Does 347 divide 207620857?
True
Is 163653716 a multiple of 10?
False
Is 937 a factor of 437908919?
False
Is 910785744 a multiple of 612?
True
Is 2663 a factor of 799602063?
False
Is 1639170966 a multiple of 1468?
False
Is 161 a factor of 900050536?
True
Is 3168 a factor of 71397216?
True
Does 10 divide 115740276?
False
Does 26 divide 669162?
True
Is 89 a factor of 77393738?
False
Is 10 a factor of 1690132170?
True
Does 3 divide 1596418184?
False
Is 226 a factor of 33603036?
True
Does 2 divide 196162753?
False
Is 205 a factor of 93679055?
True
Is 165 a factor of 6086520?
True
Is 8169020 a multiple of 60?
False
Does 5388 divide 1718001516?
True
Is 59233260 a multiple of 180?
False
Does 338 divide 5277938?
False
Is 106 a factor of 194055399?
False
Does 145 divide 840852311?
False
Does 3 divide 9